 0*l**2 - 3 + 4. Let p be x(2). List the prime factors of (p/(-2))/((-1)/(-2)).
5
Let d(l) = l**3 + 9*l**2 + 9*l + 6. Let p be d(-8). Let v(h) = -2*h**3 + h**2 - h - 1. What are the prime factors of v(p)?
3, 7
Let i = 21 + -29. Let y = i + 60. List the prime factors of y.
2, 13
Let t(k) = 7*k - 1. Let g be t(1). Let w be (g - 5)/((-2)/(-10)). Suppose -3*q + 19 = -w. List the prime factors of q.
2
Let n(v) = -4*v - 5. Let i(t) = -3*t - 4. Let k(m) = -5*i(m) + 4*n(m). Let d be (4/10)/(2/(-40)). List the prime factors of k(d).
2
Suppose 0 = 2*h + 3*h - 60. List the prime factors of h.
2, 3
Let c = 6 - 3. Let s be -2*1 - (-52 - -2). Suppose -m + s = c*m. What are the prime factors of m?
2, 3
Suppose -4*s - 1 = 11, -3*i = -5*s. Let v = i - -6. Suppose v = -3*u + 7. List the prime factors of u.
2
Suppose 0 = 2*y - 107 + 1. Suppose -5*d + 62 = -y. Suppose 4*r - 4 = 3*t - d, 4*r - 33 = -t. List the prime factors of t.
13
Let t(y) = -18*y**2 + 3*y + 2. Let h be t(-2). List the prime factors of h/(-12)*(5 + -2).
19
Suppose 5*d + 1 + 9 = a, -3*d - 6 = a. Let m(t) = 4*t**2 + t - 2. List the prime factors of m(d).
2, 3
Suppose 0 = -3*y + 53 - 17. List the prime factors of y.
2, 3
Let s(l) = 51*l**2 + 2*l - 1. Let a be s(1). Let r = -41 + 76. Let d = a - r. List the prime factors of d.
17
Suppose -x + 14 = 2*v, 2 = 3*v + 5. List the prime factors of x.
2
Let q = -63 + 109. What are the prime factors of q?
2, 23
Let o(q) = 0 + 13 + 4*q - 4 - 4. What are the prime factors of o(4)?
3, 7
Let x = -18 - -143. List the prime factors of x.
5
Let b = 122 - -73. What are the prime factors of b?
3, 5, 13
Suppose 0 = x - 4*o - o - 53, -1 = o. What are the prime factors of x?
2, 3
Suppose 2*x - 15 = -5*l - 50, 5*x - 2*l = -15. Let u = 8 + x. Suppose 0*z + u*z - 21 = 0. What are the prime factors of z?
7
Let n = 8 - 3. Let q(k) = k**3 - 5*k**2 + k - 3. What are the prime factors of q(n)?
2
Suppose 10*a - 88 = 9*a. List the prime factors of a.
2, 11
Suppose 3*j - 147 = -2*i, -3*j + 6*j = 4*i - 267. List the prime factors of i.
3, 23
Suppose -4*u - 222 = -0*n - 5*n, 5*u - 56 = -n. List the prime factors of n.
2, 23
Let o = -136 - -255. What are the prime factors of o?
7, 17
Suppose 1250 = 5*i - 2*c + 7*c, -4*c - 1000 = -4*i. List the prime factors of i.
2, 5
What are the prime factors of (-3)/9*(-102)/4*4?
2, 17
Suppose 7*x = 3*x + 8. Suppose 0*j + 18 = 2*j + 3*i, x*j + 4*i - 22 = 0. List the prime factors of j.
3
Suppose -2*p = 2*p + m - 187, -121 = -2*p + 5*m. List the prime factors of p.
2, 3
Let m = 64 + -16. Suppose r - 4*r = -m. List the prime factors of r.
2
Suppose 9*m - 480 = -3*m. List the prime factors of m.
2, 5
Let o(f) = -f**3 - 2*f**2 + 4*f - 1. Let l(m) = m**3 + 3*m**2 + m - 1. Let x be l(-3). What are the prime factors of o(x)?
3, 5
Suppose 3*z - 45 = -3*h, -z + 0*z = -3*h + 33. What are the prime factors of h?
2, 3
Suppose -2*d + 2*m = -44 - 50, 5*m = 2*d - 106. List the prime factors of d.
43
Let c(s) = 2*s**2 + 4*s + 3. Let b be c(-2). Suppose b*i - 6*i = -12. Suppose 0 = 2*z + 3*m - 27 + 5, -31 = -3*z - i*m. List the prime factors of z.
5
List the prime factors of (25 + -2 + 8/12)*9.
3, 71
Let v(z) = -z**3 + z**2 + 2*z. Let u be v(2). Suppose 4*o + u*o = 12. Suppose -s + 15 = 3*l - 5*s, -l - o*s = -5. List the prime factors of l.
5
Suppose -4*y = 1 - 17. List the prime factors of y.
2
Let a be (11 + 1)*(-3)/(-9). Suppose -12 = -0*c - 4*c + k, k = 2*c - a. Suppose 20 = c*y + 4. What are the prime factors of y?
2
Suppose 2*t = -t + 9. Suppose -3 - 14 = -t*w + 2*j, -3*w = 5*j - 52. What are the prime factors of w?
3
Let c be (-14)/6 - (-3)/9. Let t be -4 + 2 + c + 0. What are the prime factors of t/2 + (-4 - -14)?
2
Let h(n) be the third derivative of n**5/60 - 5*n**4/12 + n**3/3 - 5*n**2. What are the prime factors of h(11)?
13
Suppose 3*k + 39 = -0*k. Let u = 4 - k. List the prime factors of u.
17
Let s = -138 + 81. Let r be s/12*(0 - 4). Let y = r - 11. What are the prime factors of y?
2
Suppose -2*v + 1780 = 8*v. List the prime factors of v.
2, 89
Let y(a) be the third derivative of -a**4/24 + 4*a**3/3 + 2*a**2. Suppose -2*j = 3*j. List the prime factors of y(j).
2
Let b(d) = 2*d + 7. What are the prime factors of b(0)?
7
Suppose 0 = 5*n - 444 - 711. List the prime factors of n.
3, 7, 11
Let w = -8 - 3. Let b = w + 17. What are the prime factors of b?
2, 3
Let c(k) = -k**3 + 6*k**2 - k - 4. Suppose -3*h + 2*h = -6. Let u be c(h). List the prime factors of 1 + 3/(-6)*u.
2, 3
Suppose -3*c = -0*c + 5*a + 8, -5*a = -c + 24. Let n be (-3)/(-5) - (-39)/(-15). Let z = c + n. List the prime factors of z.
2
Let g = 23 - 16. Suppose g*f - 5 = 2*f. List the prime factors of ((-1 - -2) + 11)/f.
2, 3
Let o = 0 + 40. List the prime factors of o.
2, 5
Let k(r) = -13*r + 14. What are the prime factors of k(-11)?
157
Suppose c + 5*u = 17, -5*c - 3*u + 25 = 6. Let g = 5 + c. Suppose -3*m + g = -14. List the prime factors of m.
7
Let k be 1/(-3) - (-7)/3. Suppose 5*p - k*q - 123 = 0, 5*q + 43 = 3*p - 2*p. Let d = -9 + p. What are the prime factors of d?
2, 7
Let q = 85 - 62. What are the prime factors of q?
23
Let k(l) = -l**3 + 5*l**2 + 6*l - 9. Let c be k(6). Let v = c + 13. Suppose -3*o + 4*o + v*g = 0, -4*g - 8 = 0. What are the prime factors of o?
2
Let x(g) = 7*g + 5. Let f(n) = -n - 1. Let t(c) = 6*f(c) + x(c). Let i(v) = -v**3 + 4*v**2 + v. Let s be i(4). What are the prime factors of t(s)?
3
Suppose 5*g = -v + 14, -5*g + 63 + 27 = 5*v. What are the prime factors of v?
19
Let b = -18 + 20. Suppose h = -b*h + 156. List the prime factors of h.
2, 13
Suppose -2*a = 3*u - 2, 4*a - 3*u = -7*u + 4. List the prime factors of (2/2)/(a/7).
7
Suppose 0 = 4*z - 5 - 131. What are the prime factors of z?
2, 17
Let y = 33 - 16. Suppose 5*a - y = 23. List the prime factors of a.
2
Let b(p) = -7*p - 9. What are the prime factors of b(-3)?
2, 3
Let g(d) = 68*d - 1. List the prime factors of g(1).
67
Suppose -v = 0, 0*o - 23 = -o - 5*v. Let m be (-9)/(-6)*(-16)/(-6). Suppose 3*g + m*f - 3*f - o = 0, 0 = 2*g - 5*f - 21. What are the prime factors of g?
2
Let k(h) = -5*h + 1 + h - 5*h. List the prime factors of k(-1).
2, 5
Let q(w) be the second derivative of -w**3/6 + 7*w**2/2 + 6*w. What are the prime factors of q(-10)?
17
Suppose -3 = 3*v - 0. What are the prime factors of 24/2*(v + 2)?
2, 3
Let j = 88 + -46. What are the prime factors of j?
2, 3, 7
Let y(q) = -q**2 + 11*q + 11. Let x = -4 - -15. List the prime factors of y(x).
11
Suppose -2*s = 6, 3*s = q - 4*q - 33. Let l = 5 - q. List the prime factors of l.
13
Suppose -80 = -3*h + 34. What are the prime factors of h?
2, 19
Suppose -z = 4*j - 352 + 98, -260 = -4*j + 2*z. What are the prime factors of j?
2
Suppose -8*o + 28 + 20 = 0. List the prime factors of o.
2, 3
Let t = 18 - -1. What are the prime factors of t?
19
What are the prime factors of (8/(-3))/(11/(-132))?
2
Let u = -388 - -693. What are the prime factors of u?
5, 61
Suppose 9*z - 7 = 4*z + 3*a, -14 = -2*z + 4*a. List the prime factors of 52/6 + z/(-3).
3
Let w(i) = -i**2 - 5*i + 8. Let s be w(-6). Let n = -11 - -14. Suppose -7 - s = -n*r. List the prime factors of r.
3
Let a(u) = -u**3 + 3*u**2 + 3*u + 3. Suppose -4*f + 5 = -3*n - 4, 10 = 5*f - 5*n. What are the prime factors of a(f)?
2, 3
Let f = -6 - -11. Suppose -f*g + 0 + 185 = 0. List the prime factors of g.
37
Let b = 148 + -69. What are the prime factors of b?
79
Suppose -2*r = -14 - 38. List the prime factors of r.
2, 13
Let t(q) = q**2 + q - 2. Let f be t(0). What are the prime factors of 16/6*(-9)/f?
2, 3
Let o = 4 - 5. Let i = o - -1. Suppose 2*c - s = -2*c + 37, -3*c + 5*s + 32 = i. List the prime factors of c.
3
Let z(x) = x**3 + 5*x**2 + 5*x + 6. Let l be z(-4). Suppose 3*n + l - 5 = 0. What are the prime factors of n/4 + (-47)/(-4)?
2, 3
Suppose 2*u + 12 = 6*u. Suppose -4*m + 9 = -u. Suppose -39 = -3*q + m*v, -3*q + 17 = -2*q + 3*v. List the prime factors of q.
2, 7
Let z(y) = y**3 - 6*y**2 - 12*y + 3. What are the prime factors of z(8)?
5, 7
Let l = -20 - -29. Suppose 2*g - l = g. Let s = 16 - g. What are the prime factors of s?
7
What are the prime factors of -20*7/((-84)/45)?
3, 5
Let n(z) = z - 1. Let r(g) = 8*g - 7. Let u(s) = -14*n(s) + 2*r(s). Let i be u(-1). Let q(j) = -2*j + 1. What 